0*w - 4*w + 272. What are the prime factors of w?
2, 17
What are the prime factors of -1 + (-7 - -2) - (-25630)/22?
19, 61
Let k be ((-4)/6)/((-8)/156). Let g(d) = d - k + 3*d + 4. List the prime factors of g(11).
5, 7
Suppose -z = 6*z + 7. List the prime factors of 2*(0 + -227)*z/2.
227
What are the prime factors of (25/4)/(19/5168)?
2, 5, 17
Suppose -4*y = -3*j - 832 - 1742, 4*y = 5*j + 2578. List the prime factors of y.
2, 3, 107
Let i(y) = y**3 - 4*y**2 - 5*y + 5. Let t be i(4). Let f be (-40)/16*(-12)/(-10). Let z = f - t. What are the prime factors of z?
2, 3
List the prime factors of (-115254)/(-399)*(-7)/(-2).
3, 337
Let n = -104 - -395. Suppose -4*f + 3*f = -n. Suppose f = 4*y - 37. List the prime factors of y.
2, 41
Suppose 3 = -2*l + 2*g + 69, g + 101 = 3*l. Suppose 2*y = 4*r + 84, y - 5*r = -l + 88. What are the prime factors of y?
2, 17
Let u(y) = -82*y**3 - y**2 - 4*y - 10. List the prime factors of u(-2).
2, 5, 13
Suppose 7*r = -6104 + 29925. List the prime factors of r.
41, 83
Suppose s - 55 = 17. Suppose 8*i - 17 = 103. Suppose c - 5*k - s = -i, -2*c - 5*k = -69. What are the prime factors of c?
2, 3, 7
Suppose 0 = -23*t + 27*t - 320. List the prime factors of t.
2, 5
Let o(t) = -t + 2. Let n(h) = -h + 7. Let j be n(9). Let u be o(j). Suppose x = 4*m - 19, m + u*x = -2*m. What are the prime factors of m?
2
Let n(k) = 2*k + 5. Let c be 3 + ((-6)/3 - 4). Let b be -6*(c/(-6) - 2). List the prime factors of n(b).
23
Let q = 5512 - 3303. What are the prime factors of q?
47
What are the prime factors of ((-2)/4)/(16/(-58016))?
7, 37
Let j(p) = -432*p - 49. List the prime factors of j(-2).
5, 163
Let x(q) = 10*q + 5. Let h be x(5). Let w = h - 30. List the prime factors of w.
5
Suppose 3*m - 4*c = 1184, 3*m - 4*m + 396 = -2*c. Suppose -2*t - j + m = 0, 5*j = 3*t + 6*j - 589. What are the prime factors of t?
197
Suppose -5*f = -732 - 1593. What are the prime factors of f?
3, 5, 31
Let m(g) = -5*g**3 + 5*g**2 + 6*g - 2. Let d(v) = 2*v**3 + v**2. Let o(k) = -2*d(k) - m(k). List the prime factors of o(10).
2, 11
Let v(t) = -t + 12. Let p be v(6). Let s(a) = -a**3 - 8*a + 3 + p - 4*a**3 + 4*a**3 + 8*a**2. What are the prime factors of s(6)?
3, 11
Let l(z) be the first derivative of -z**4/4 + 7*z**3/3 + 7*z**2 - 30*z - 5. What are the prime factors of l(7)?
2, 17
Let u(h) = 5*h**3 - 11*h**2 - 6*h + 8. Let z(x) = -9*x**3 + 21*x**2 + 12*x - 16. Let k(g) = 7*u(g) + 4*z(g). What are the prime factors of k(5)?
2, 3
Let j(c) = -c**3 - 7*c**2 - 9*c - 5. Let m(r) = r - 1. Let f(h) = 7*h - 1. Let b(o) = f(o) - 5*m(o). Let u be b(-5). List the prime factors of j(u).
13
Let f = 159 - 79. Suppose -f = -w - 3*w. List the prime factors of w/30 - 40/(-3).
2, 7
Let b(d) = -d + 18. Let z(i) = -i**3 + 5*i**2 - 5*i + 4. Suppose -3*q + 4*q - 4 = 0. Let s be z(q). List the prime factors of b(s).
2, 3
What are the prime factors of 13372/36 - -7 - (-8)/(-18)?
2, 3, 7
Suppose 17 = 14*o - 11. Suppose -n - 4*g = n - 136, -136 = -o*n + g. List the prime factors of n.
2, 17
Let g = -857 - -1979. What are the prime factors of g?
2, 3, 11, 17
Suppose 11 = 5*n - 14. Suppose 3*h + 51 = -2*m - m, m = n*h + 61. Let k(v) = v**3 + 12*v**2 - 13*v + 8. What are the prime factors of k(h)?
2
Suppose 9*f + 260 = 1043. Let c = 5 + f. What are the prime factors of c?
2, 23
Let t be 6/2 - (-1 - -2). Let c(u) = 68*u - 12. Let l(j) = 23*j - 4. Let a(m) = 5*c(m) - 14*l(m). What are the prime factors of a(t)?
2
Suppose -5*n + 1366 = -899. What are the prime factors of 0 - (n/(-6) + (-1)/(-2))?
3, 5
Let r(o) = o**3 + 19*o**2 + 3*o - 21. List the prime factors of r(-10).
3, 283
Suppose -10*h + 15*h - 145 = 0. Let p = -29 + h. Suppose 0 = 5*f - p*k - 4*k - 111, 20 = -5*k. What are the prime factors of f?
19
Suppose -7*b - 10 - 60 = 0. Let i(u) = -8*u - 10. List the prime factors of i(b).
2, 5, 7
Suppose -7*g + g + 162 = 0. Suppose -5*l = w - 0*l - g, -3*l + 176 = 4*w. List the prime factors of w.
47
Let z = -21 - -18. Let j be (-4 + z + 2)/(-1). Suppose -u + j + 22 = 0. List the prime factors of u.
3
Let p = 47 - 115. Let z be p/7 + 12/(-42). List the prime factors of (z/(-15))/(2/48).
2
Let w(k) = -k**2 + 6*k - 5. Let m be w(4). Let d(o) = o**2 - 13*o + 30. Let t be d(12). Suppose t = m*i - 27. List the prime factors of i.
3, 5
Suppose -9*l = 505 - 5401. What are the prime factors of l?
2, 17
Let l(y) = 8*y - 2. Let r be 5/5 + 3 + -1. Let c be l(r). Let o = 43 - c. What are the prime factors of o?
3, 7
Let u(p) = 290*p + 170. What are the prime factors of u(5)?
2, 3, 5
Let w = 27 - 24. Suppose -p + w*x + 55 = -x, -x - 1 = 0. List the prime factors of p.
3, 17
Let k(a) = 9*a**3 + a. Suppose 0 = q + 3*p + 16, -3*q + p + 17 = -3*p. Let h be k(q). Let z = h - -47. What are the prime factors of z?
37
Suppose -y = -w, 0*y + 3 = 4*w - 3*y. Suppose 6 = -3*z + w*n + 33, -5*n = -2*z + 21. Suppose z*x - 10*x + 8 = 0. What are the prime factors of x?
2
Let x(a) = -a**2 + 15*a. Suppose 0 = r + 6*r - 56. What are the prime factors of x(r)?
2, 7
Let f(h) = -h**3 + 12*h**2 + 2*h - 9. Let g be f(12). Suppose 4*d - q - 11 = 0, -3 = -0*q + q. What are the prime factors of (d - g)*(-6 - -3)?
3, 13
Let a(w) = 5*w**2 - w. Let r(g) = -6*g**2 + g + 1. Let t(p) = -3*a(p) - 2*r(p). Let d be t(3). Let x = d + 47. What are the prime factors of x?
3, 7
Let f = 107 + -26. List the prime factors of f.
3
Let w(o) be the second derivative of 7*o**4/12 - o**3/3 - 3*o**2/2 + 6*o. Let z be w(4). Let m = -59 + z. What are the prime factors of m?
2, 3, 7
Let j(b) = -6*b**2 + 5*b + 5. Let s be j(6). Let c = s + 349. What are the prime factors of c?
2, 3, 7
Let n(q) = 6*q + 2. Let s be n(7). Suppose 5*w + s = -36. List the prime factors of w/(-6)*6/4.
2
Suppose 400 = 4*v + 4*v. Let z = v - -67. List the prime factors of z.
3, 13
Suppose 277 = -5*o - 13. Let r be (o/(-5))/((-2)/(-10)). Let f = r - 13. List the prime factors of f.
3, 5
Let o(t) = 3*t**2 - 2*t. Let f be o(5). Suppose -56 = -19*g + 5*g. Suppose -g*c - 5 = -f. List the prime factors of c.
3, 5
Let z be 2/4 - 1/(-2). Suppose 0 = -5*o + 2 + 103. Suppose -q = -o - z. List the prime factors of q.
2, 11
Let j(v) = 5*v - 1. Let r be j(1). Let y(i) = r*i + 0 - 22*i**3 - 3*i + 1 + 8*i**3. What are the prime factors of y(-1)?
2, 7
Let p(w) = -w + 9. Let d(b) = -b + 1. Let x(s) = -d(s) - p(s). Let g be x(6). Suppose g*u - 15 = -1. What are the prime factors of u?
7
Let u = 103 + -47. Let z = 33 - -5. Let t = u - z. List the prime factors of t.
2, 3
Suppose -3*s + 4*l + 687 = 0, 22*l - 25*l = 0. List the prime factors of s.
229
Let b = -3721 - -6113. What are the prime factors of b?
2, 13, 23
Let i(z) be the third derivative of z**4/3 + 37*z**3/6 + 11*z**2. What are the prime factors of i(10)?
3, 13
Let i(t) = -2 + 5*t**3 - 5 - 3*t**2 - 5*t + 0*t**2 - 4*t**3. List the prime factors of i(5).
2, 3
Let z = 81 - 1. List the prime factors of z.
2, 5
Let g = 143 - 23. Suppose -2*b = -w + 36, -g = -4*w - 0*w - 4*b. List the prime factors of w.
2
Let i(f) = -f - 1. Let g be i(-3). What are the prime factors of (g + 4)/((-9)/(-12))?
2
Suppose m - 1500 = -4*m. Suppose 0 = -5*q - x + m, -5*q - 5*x + 30 = -250. List the prime factors of q.
61
Let a be ((-8)/(-3 - -1))/2. Let m = -2 - a. Let l(s) = 3*s**2 + 6*s + 3. List the prime factors of l(m).
3
Suppose -5*j = -3*r - 469, 0*r - 475 = -5*j + 5*r. Let q = j - 47. List the prime factors of (-183)/(-5) - 27/q.
2, 3
Suppose -1961 = -6*i + 823. What are the prime factors of i?
2, 29
Let h(k) = -k**3 - 2*k**2 - 6. Let l be h(-3). Suppose l*v = -v + 296. What are the prime factors of v?
2, 37
Suppose -5*o + 2008 = 2*x, -o + 5*o + 2*x - 1606 = 0. Let y = -263 + o. List the prime factors of y.
139
Suppose -2*p + 3*a - 119 + 420 = 0, 150 = p - 2*a. Let g = -39 + p. What are the prime factors of g?
113
Let z(f) = 24*f**2 - f - 10. What are the prime factors of z(9)?
5, 7, 11
Let o(x) = x**2 + 9*x + 8. Let d be o(-8). Suppose d = 3*y - 168 + 12. Let p = y + -18. What are the prime factors of p?
2, 17
Let n(r) = -292*r + 40. List the prime factors of n(-2).
2, 3, 13
Let p be (1 - -2)/(3/(-6)). Let t(j) = 4*j + 15. Let r be t(p). Let c(v) = -v**2 - 11*v - 1. List the prime factors of c(r).
17
Suppose 0 = -3*f - 0*f + 9. Let j be 9 - -1 - (-2 + f